at is the ten thousands digit of 1118352?
1
What is the thousands digit of 4499113?
9
What is the hundreds digit of 2626247?
2
What is the hundreds digit of 245886?
8
What is the hundred thousands digit of 220594?
2
What is the hundreds digit of 3120820?
8
What is the tens digit of 939431?
3
What is the hundred thousands digit of 1177484?
1
What is the tens digit of 6557407?
0
What is the ten thousands digit of 882295?
8
What is the tens digit of 2609341?
4
What is the hundreds digit of 298322?
3
What is the hundreds digit of 132511?
5
What is the ten thousands digit of 5368594?
6
What is the thousands digit of 23248?
3
What is the tens digit of 417765?
6
What is the tens digit of 105461?
6
What is the ten thousands digit of 301699?
0
What is the tens digit of 380135?
3
What is the tens digit of 9165289?
8
What is the thousands digit of 3353497?
3
What is the tens digit of 21271861?
6
What is the ten thousands digit of 174887?
7
What is the thousands digit of 6696193?
6
What is the hundred thousands digit of 270930?
2
What is the tens digit of 427422?
2
What is the hundreds digit of 1008470?
4
What is the units digit of 502374?
4
What is the units digit of 102639?
9
What is the hundred thousands digit of 1272286?
2
What is the units digit of 735373?
3
What is the ten millions digit of 36050217?
3
What is the units digit of 330694?
4
What is the tens digit of 32051?
5
What is the tens digit of 271917?
1
What is the hundreds digit of 1549555?
5
What is the hundred thousands digit of 464833?
4
What is the tens digit of 174529?
2
What is the tens digit of 7633921?
2
What is the ten thousands digit of 13983924?
8
What is the tens digit of 1128997?
9
What is the hundred thousands digit of 13695261?
6
What is the thousands digit of 143150?
3
What is the ten thousands digit of 250398?
5
What is the units digit of 47505?
5
What is the units digit of 315856?
6
What is the thousands digit of 542701?
2
What is the units digit of 76646?
6
What is the tens digit of 128311?
1
What is the millions digit of 4119375?
4
What is the ten thousands digit of 7902770?
0
What is the units digit of 9328305?
5
What is the thousands digit of 2114455?
4
What is the thousands digit of 72561?
2
What is the hundreds digit of 868786?
7
What is the tens digit of 109928?
2
What is the thousands digit of 2595551?
5
What is the units digit of 3462668?
8
What is the units digit of 4231846?
6
What is the hundred thousands digit of 166732?
1
What is the thousands digit of 537075?
7
What is the hundred thousands digit of 1375628?
3
What is the tens digit of 531373?
7
What is the tens digit of 15987717?
1
What is the thousands digit of 5617413?
7
What is the units digit of 397014?
4
What is the thousands digit of 1357155?
7
What is the units digit of 155107?
7
What is the units digit of 23267?
7
What is the ten thousands digit of 260200?
6
What is the ten millions digit of 15417295?
1
What is the millions digit of 1153858?
1
What is the millions digit of 3941023?
3
What is the units digit of 10345?
5
What is the hundreds digit of 3613619?
6
What is the thousands digit of 54631?
4
What is the hundreds digit of 468701?
7
What is the hundred thousands digit of 4101174?
1
What is the units digit of 28081078?
8
What is the thousands digit of 3314944?
4
What is the thousands digit of 28451?
8
What is the ten thousands digit of 735682?
3
What is the tens digit of 128402?
0
What is the ten thousands digit of 361580?
6
What is the hundred thousands digit of 9088805?
0
What is the tens digit of 491497?
9
What is the thousands digit of 193095?
3
What is the ten thousands digit of 171231?
7
What is the hundred thousands digit of 2789389?
7
What is the thousands digit of 17849514?
9
What is the hundred thousands digit of 932271?
9
What is the ten millions digit of 18431393?
1
What is the hundreds digit of 15563?
5
What is the hundreds digit of 1256464?
4
What is the ten thousands digit of 1669305?
6
What is the thousands digit of 101802?
1
What is the units digit of 502318?
8
What is the units digit of 349461?
1
What is the hundred thousands digit of 1800936?
8
What is the tens digit of 27312444?
4
What is the tens digit of 823513?
1
What is the ten thousands digit of 3044636?
4
What is the hundred thousands digit of 12454091?
4
What is the hundreds digit of 840550?
5
What is the thousands digit of 17633002?
3
What is the thousands digit of 186562?
6
What is the hundred thousands digit of 197352?
1
What is the ten thousands digit of 254944?
5
What is the millions digit of 1400155?
1
What is the thousands digit of 4441476?
1
What is the millions digit of 2561525?
2
What is the hundreds digit of 84406?
4
What is the hundreds digit of 292431?
4
What is the hundred thousands digit of 821519?
8
What is the thousands digit of 370483?
0
What is the thousands digit of 444719?
4
What is the tens digit of 14232219?
1
What is the millions digit of 1767713?
1
What is the hundreds digit of 2730718?
7
What is the hundreds digit of 916717?
7
What is the thousands digit of 6212355?
2
What is the tens digit of 146377?
7
What is the thousands digit of 144400?
4
What is the tens digit of 1591946?
4
What is the hundred thousands digit of 877374?
8
What is the hundreds digit of 326333?
3
What is the tens digit of 254434?
3
What is the hundred thousands digit of 140609?
1
What is the tens digit of 296053?
5
What is the thousands digit of 2263813?
3
What is the hundred thousands digit of 1126480?
1
What is the ten thousands digit of 82440?
8
What is the hundreds digit of 87672?
6
What is the millions digit of 10081303?
0
What is the millions digit of 14457433?
4
What is the thousands digit of 204160?
4
What is the hundreds digit of 2560122?
1
What is the thousands digit of 23749126?
9
What is the units digit of 358489?
9
What is the thousands digit of 43735?
3
What is the tens digit of 9427388?
8
What is the hundreds digit of 3096904?
9
What is the hundred thousands digit of 204248?
2
What is the tens digit of 510264?
6
What is the ten thousands digit of 633058?
3
What is the units digit of 1988621?
1
What is the tens digit of 1039232?
3
What is the hundreds digit of 303156?
1
What is the ten thousands digit of 801441?
0
What is the hundreds digit of 391116?
1
What is the units digit of 6811740?
0
What is the ten thousands digit of 3237166?
3
What is the tens digit of 32116?
1
What is the units digit of 354946?
6
What is the hundred thousands digit of 1155878?
1
What is the hundred thousands digit of 10381089?
3
What is the hundreds digit of 853240?
2
What is the hundred thousands digit of 2670860?
6
What is the units digit of 73333?
3
What is the hundreds digit of 2055500?
5
What is the millions digit of 6040695?
6
What is the hundred thousands digit of 24381891?
3
What is the ten thousands digit of 828917?
2
What is the tens digit of 92449?
4
What is the tens digit of 356865?
6
What is the hundred thousands digit of 1759114?
7
What is the hundreds digit of 151854?
8
What is the ten thousands digit of 703407?
0
What is the hundreds digit of 222969?
9
What is the tens digit of 2830107?
0
What is the millions digit of 4497635?
4
What is the units digit of 4475647?
7
What is the units digit of 1462446?
6
What is the units digit of 1007184?
4
What is the hundreds digit of 5874111?
1
What is the ten thousands digit of 4467635?
6
What is the thousands digit of 37582?
7
What is the hundred thousands digit of 12731556?
7
What is the thousands digit of 2763408?
3
What is the units digit of 290758?
8
What is the thousands digit of 82238?
2
What is the hundred thousands digit of 582747?
5
What is the hundred thousands digit of 482399?
4
What is the hundreds digit of 608728?
7
What is the units digit of 334880?
0
What is the thousands digit of 1076000?
6
What is the thousands digit of 378894?
8
What is the units digit of 2387280?
0
What is the units digit of 1025016?
6
What is the ten millions digit of 11116713?
1
What is the ten thousands digit of 122866?
2
What is the hundred thousands digit of 227181?
2
What is the units digit of 34834715?
5
What is the ten thousands digit of 3216879?
1
What is the hundreds digit of 17864151?
1
What is the thousands digit of 8302474?
2
What is the tens digit of 97532?
3
What is the hundred